{"id":384,"date":"2019-01-13T12:12:18","date_gmt":"2019-01-13T11:12:18","guid":{"rendered":"https:\/\/siedlerverein-wittgensdorf.de\/?page_id=384"},"modified":"2019-07-01T20:06:33","modified_gmt":"2019-07-01T18:06:33","slug":"1-siedler-kartoffelfest","status":"publish","type":"page","link":"https:\/\/siedlerverein-wittgensdorf.de\/index.php\/1-siedler-kartoffelfest\/","title":{"rendered":"1. Siedler-Kartoffelfest am 28.9.2019"},"content":{"rendered":"<h1><span style=\"display: inline !important; float: none; background-color: #ffffff; color: #333333; cursor: text; font-family: Georgia,'Times New Roman','Bitstream Charter',Times,serif; font-size: 16px; font-style: normal; font-variant: normal; font-weight: 400; letter-spacing: normal; orphans: 2; text-align: left; text-decoration: none; text-indent: 0px; text-transform: none; -webkit-text-stroke-width: 0px; white-space: normal; word-spacing: 0px;\">Der Siedlerverein Wittgensdorf ruft Euch in diesem Gartenjahr zum 1. Mal zu einem<\/span><\/h1>\n<h1>G\u00e4rtnerwettbewerb zum Kartoffelfest!<\/h1>\n<p>&nbsp;<\/p>\n<p>Teilnehmen kann jeder \u2013 gro\u00df und klein, jung und alt, Vereinsmitglieder und Nichtmitglieder.\u00a0Die Siegerehrung erfolgt zum 1. Siedler-Kartoffelfest auf der Siedlerwiese:<\/p>\n<ul>\n<li>Gem\u00fcse zum Kartoffelfest mitbringen, alternativ besuchen (vermessen) die Schiedsrichter die Frucht im heimischen Garten.<\/li>\n<li>Sonnenblumen werden durch die Schiedsrichter im heimischen Garten gemessen.<\/li>\n<\/ul>\n<p>&nbsp;<\/p>\n<h2><strong><span style=\"color: #008000;\">Und So geht\u2018s:<\/span><\/strong><\/h2>\n<p>Teilnehmen kann jeder \u2013 gro\u00df und klein, jung und alt, G\u00e4rtner mit gr\u00fcnem Daumen &amp; G\u00e4rtner, die einen gr\u00fcnen Daumen haben wollen.<\/p>\n<p>An wievielen der insgesamt 3 Kategorien der Einzelne teilnimmt, ist ganz dem Teilnehmer \u00fcberlassen \u2013 es bedarf keiner Anmeldung und keiner Startgeb\u00fchren.<\/p>\n<p>Zum Siedler-Kartoffelfest am 28.9.2019 auf der Siedlerwiese am Steinbruchsweg wird der Wettbewerb durchgef\u00fchrt und es werden die Sieger gek\u00fcrt.<\/p>\n<p>&nbsp;<\/p>\n<p><strong><u>Kategorie 1: Wer erntet in seinem Garten die dickste Kartoffel<img loading=\"lazy\" decoding=\"async\" class=\" wp-image-499 alignright\" src=\"https:\/\/siedlerverein-wittgensdorf.de\/wp-content\/uploads\/2019\/02\/Kartoffel_mit_Erde.jpg\" alt=\"\" width=\"231\" height=\"154\" \/><\/u><\/strong><\/p>\n<p>Die Sorte der Kartoffel ist egal, ebenso die Farbe, das Gewicht und\/oder der Geschmack.<\/p>\n<p>Einzig und allein die Dicke der Kartoffel, also der Durchmesser an der dicksten Stelle, z\u00e4hlt.<\/p>\n<p>&nbsp;<\/p>\n<p>&nbsp;<\/p>\n<p><strong><u>Kategorie 2: Bei wem w\u00e4chst die h\u00f6chste Sonnenblume<\/u><\/strong><\/p>\n<p><img loading=\"lazy\" decoding=\"async\" class=\" wp-image-731 alignleft\" src=\"https:\/\/siedlerverein-wittgensdorf.de\/wp-content\/uploads\/2019\/07\/Sonnenblume.jpg\" alt=\"\" width=\"126\" height=\"189\" \/>Damit die herrlich gro\u00dfen Blumen nicht geschnitten werden m\u00fcssen, kommen die Schiedsrichter zur Blume \u2013 entweder am Tag des Kartoffelfestes oder einige Tage fr\u00fcher. Dort wird die H\u00f6he ordnungsgem\u00e4\u00df ausgemessen und ein Beweisfoto gemacht.<\/p>\n<p>Hier ist es unerheblich, wieviele Bl\u00fcten die Sonnenblume hat, wie gro\u00df die Bl\u00fcten sind oder gar wie lecker die Kerne den V\u00f6geln schmecken. Hier z\u00e4hlt einzig und allein die Gr\u00f6\u00dfe!<\/p>\n<p>Meldet Euch einfach beim Siedlerverein &amp; vereinbart einen Termin zur H\u00f6henmessung!<\/p>\n<p>&nbsp;<\/p>\n<p>&nbsp;<\/p>\n<p><img loading=\"lazy\" decoding=\"async\" class=\" wp-image-732 alignright\" style=\"color: #333333; float: right; font-family: Georgia,&amp;quot; times new roman&amp;quot;,&amp;quot;bitstream charter&amp;quot;,times,serif; font-size: 16px; font-style: normal; font-variant: normal; font-weight: 400; height: auto; letter-spacing: normal; max-width: 100%; orphans: 2; outline-color: #72777c; outline-style: solid; outline-width: 1px; text-align: left; text-decoration: none; text-indent: 0px; text-transform: none; -webkit-text-stroke-width: 0px; white-space: normal; word-spacing: 0px; margin: 0.5em 0px 0.5em 1em;\" src=\"https:\/\/siedlerverein-wittgensdorf.de\/wp-content\/uploads\/2019\/07\/witzige_m\u00f6hre.png\" alt=\"\" width=\"159\" height=\"159\" \/><b><\/b><i><\/i><u><\/u><\/p>\n<p><strong><u>Kategorie 3: Wer erntet in seinem Garten die lustigste Frucht? <\/u><\/strong><\/p>\n<p>In dieser Kategorie ist es v\u00f6llig egal, ob es sich um einen Apfel, eine Tomate, einen K\u00fcrbis, eine Gurke, eine Zucchini, eine Erbse oder ganz etwas anderes handelt. Einzig allein die lustige Form entscheidet.<\/p>\n<p>&nbsp;<\/p>\n<p>&nbsp;<\/p>\n<p>Fr\u00fcchte, die zum Kartoffelfest mitgebracht werden, werden ausgestellt.<\/p>\n<p>Fr\u00fcchte, die im Gartenjahr fr\u00fcher schon reif und lustig sind, werden durch die Schiedsrichter im heimischen Garten besucht und fotografiert. Die Fotos werden dann zum Kartoffelfest ausgestellt.<\/p>\n<p><span style=\"color: #ff0000;\"><strong>Der Sieger wird durch eine Abstimmung der Festg\u00e4ste festgelegt \u2013 wer die meisten Stimmen bekommt, gewinnt!<\/strong><\/span><\/p>\n<p>&nbsp;<\/p>\n<p>Fragen dazu? Dann meldet Euch gerne bei Eurem Siedlerverein.<\/p>\n<p>Wir freuen uns auf zahlreiche Teilnehmer!<\/p>\n<p>&nbsp;<\/p>\n<p>Euer Vorstand<\/p>\n","protected":false},"excerpt":{"rendered":"<p>Der Siedlerverein Wittgensdorf ruft Euch in diesem Gartenjahr zum 1. Mal zu einem G\u00e4rtnerwettbewerb zum Kartoffelfest! &nbsp; Teilnehmen kann jeder \u2013 gro\u00df und klein, jung und alt, Vereinsmitglieder und Nichtmitglieder.\u00a0Die Siegerehrung erfolgt zum 1. Siedler-Kartoffelfest auf der Siedlerwiese: Gem\u00fcse zum Kartoffelfest mitbringen, alternativ besuchen (vermessen) die Schiedsrichter die Frucht im heimischen Garten. Sonnenblumen werden durch &#8230; <a title=\"1. Siedler-Kartoffelfest am 28.9.2019\" class=\"read-more\" href=\"https:\/\/siedlerverein-wittgensdorf.de\/index.php\/1-siedler-kartoffelfest\/\" aria-label=\"Mehr Informationen \u00fcber 1. Siedler-Kartoffelfest am 28.9.2019\">Weiterlesen<\/a><\/p>\n","protected":false},"author":2,"featured_media":0,"parent":0,"menu_order":0,"comment_status":"closed","ping_status":"closed","template":"","meta":{"footnotes":""},"class_list":["post-384","page","type-page","status-publish"],"_links":{"self":[{"href":"https:\/\/siedlerverein-wittgensdorf.de\/index.php\/wp-json\/wp\/v2\/pages\/384"}],"collection":[{"href":"https:\/\/siedlerverein-wittgensdorf.de\/index.php\/wp-json\/wp\/v2\/pages"}],"about":[{"href":"https:\/\/siedlerverein-wittgensdorf.de\/index.php\/wp-json\/wp\/v2\/types\/page"}],"author":[{"embeddable":true,"href":"https:\/\/siedlerverein-wittgensdorf.de\/index.php\/wp-json\/wp\/v2\/users\/2"}],"replies":[{"embeddable":true,"href":"https:\/\/siedlerverein-wittgensdorf.de\/index.php\/wp-json\/wp\/v2\/comments?post=384"}],"version-history":[{"count":8,"href":"https:\/\/siedlerverein-wittgensdorf.de\/index.php\/wp-json\/wp\/v2\/pages\/384\/revisions"}],"predecessor-version":[{"id":736,"href":"https:\/\/siedlerverein-wittgensdorf.de\/index.php\/wp-json\/wp\/v2\/pages\/384\/revisions\/736"}],"wp:attachment":[{"href":"https:\/\/siedlerverein-wittgensdorf.de\/index.php\/wp-json\/wp\/v2\/media?parent=384"}],"curies":[{"name":"wp","href":"https:\/\/api.w.org\/{rel}","templated":true}]}}