

{"id":16,"date":"2018-10-29T22:01:09","date_gmt":"2018-10-29T21:01:09","guid":{"rendered":"https:\/\/siedlerverein-wittgensdorf.de\/?page_id=16"},"modified":"2023-06-06T12:45:18","modified_gmt":"2023-06-06T10:45:18","slug":"kontakt","status":"publish","type":"page","link":"https:\/\/siedlerverein-wittgensdorf.de\/index.php\/kontakt\/","title":{"rendered":"Kontakt"},"content":{"rendered":"<p id=\"wnd_TextBlock_908529_inner_2\" data-wnd_separable_id=\"wnd_TextBlock_908529\" data-wnd_separable_index=\"2\" data-wnd_is_separable=\"1\">Gemeinn\u00fctziger Siedlerverein Wittgensdorf e.V.<\/p>\n<p id=\"wnd_TextBlock_908529_inner_3\" data-wnd_separable_id=\"wnd_TextBlock_908529\" data-wnd_separable_index=\"3\" data-wnd_is_separable=\"1\">Steinbruchsweg 12<\/p>\n<p id=\"wnd_TextBlock_908529_inner_4\" data-wnd_separable_id=\"wnd_TextBlock_908529\" data-wnd_separable_index=\"4\" data-wnd_is_separable=\"1\">09228 Wittgensdorf<\/p>\n<p data-wnd_separable_id=\"wnd_TextBlock_908529\" data-wnd_separable_index=\"4\" data-wnd_is_separable=\"1\">E-Mail: info@siedlerverein-wittgensdorf.de<\/p>\n<hr \/>\n<div class=\"text cf design-01\">\n<div class=\"text-content\">\n<h2 id=\"wnd_TextBlock_908529_inner_6\" data-wnd_separable_id=\"wnd_TextBlock_908529\" data-wnd_separable_index=\"6\" data-wnd_is_separable=\"1\">Ansprechpartner<\/h2>\n<ul id=\"wnd_TextBlock_908529_inner_7\" data-wnd_separable_id=\"wnd_TextBlock_908529\" data-wnd_separable_index=\"7\" data-wnd_is_separable=\"1\">\n<li>Reiko M\u00e4rtel &#8211; Vorsitzender<\/li>\n<li>Mirko B\u00fcttner &#8211; Stellv. Vorsitzender<\/li>\n<li>Mario H\u00f6llein &#8211; Schatzmeister\/Kassenwart<\/li>\n<li>Beate Irmscher &#8211; Schriftf\u00fchrer<\/li>\n<li>Jens Schubert -Baubeauftragter<\/li>\n<li>Frank Hemmerle &#8211; Eventmanager<\/li>\n<li>Udo Irmscher &#8211; Vermietung<\/li>\n<\/ul>\n<hr \/>\n<h2 id=\"wnd_TextBlock_908529_inner_8\" data-wnd_separable_id=\"wnd_TextBlock_908529\" data-wnd_separable_index=\"8\" data-wnd_is_separable=\"1\">Karte<\/h2>\n<\/div>\n\n\n\t\t\t\t<div id=\"map_ol3js_1\" class=\"map undefined\" data-map_name=\"undefined\" data-map=\"map_ol3js_1\" style=\"width:100%; max-width:100%; height:450px; display:block; overflow:hidden;border:2px solid grey;\" >\n\t\t\t\t  <div id=\"map_ol3js_1_popup\" class=\"ol-popup\" >\n\t\t\t\t\t<a href=\"#\" id=\"map_ol3js_1_popup-closer\" class=\"ol-popup-closer\"><\/a>\n\t\t\t\t\t<div id=\"map_ol3js_1_popup-content\" ><\/div>\n\t\t\t\t  <\/div>\n\t\t\t\t<\/div>\n\t\t\t\n\t\t\t\t<link rel=\"stylesheet\" href=\"https:\/\/siedlerverein-wittgensdorf.de\/wp-content\/plugins\/osm\/js\/OL\/7.1.0\/ol.css?ver=7.1.0\" type=\"text\/css\">\n\t\t\t\t<link rel=\"stylesheet\" href=\"https:\/\/siedlerverein-wittgensdorf.de\/wp-content\/plugins\/osm\/css\/osm_map_v3.css?ver=1.0.0\" type=\"text\/css\">\n\t\t\t\t<link rel=\"stylesheet\" href=\"https:\/\/siedlerverein-wittgensdorf.de\/wp-content\/plugins\/osm\/css\/osm_map.css?ver=1.0.0\" type=\"text\/css\">\n\t\t\t\t<!-- The line below is only needed for old environments like Internet Explorer and Android 4.x -->\n                                <script src=\"https:\/\/siedlerverein-wittgensdorf.de\/wp-content\/plugins\/osm\/js\/polyfill\/v2\/polyfill.min.js?features=requestAnimationFrame,Element.prototype.classList,URL\"><\/script>\n\n\t\t\t\t<script src=\"https:\/\/siedlerverein-wittgensdorf.de\/wp-content\/plugins\/osm\/js\/OL\/7.1.0\/ol.js?ver=7.1.0\" type=\"text\/javascript\"><\/script>\n\t\t\t\t<script src=\"https:\/\/siedlerverein-wittgensdorf.de\/wp-content\/plugins\/osm\/js\/osm-v3-plugin-lib.js?ver=1.0.0\" type=\"text\/javascript\"><\/script>\n\t\t\t\t<script src=\"https:\/\/siedlerverein-wittgensdorf.de\/wp-content\/plugins\/osm\/js\/osm-metabox-events.js?ver=1.0.0\" type=\"text\/javascript\"><\/script>\n\t\t\t\t<script src=\"https:\/\/siedlerverein-wittgensdorf.de\/wp-content\/plugins\/osm\/js\/osm-startup-lib.js\" type=\"text\/javascript\"><\/script>\n\t\t\t\t<script type=\"text\/javascript\">\n\t\t\t\t\ttranslations['openlayer'] = \"open layer\";\n\t\t\t\t\ttranslations['openlayerAtStartup'] = \"open layer at startup\";\n\t\t\t\t\ttranslations['generateLink'] = \"Der Link zur Karte mit ausgew\u00e4hlten Overlays und angezeigtem Ausschnitt\";\n\t\t\t\t\ttranslations['shortDescription'] = \"Kurzbeschreibung\";\n\t\t\t\t\ttranslations['generatedShortCode'] = \"to get a text control link paste this code in your wordpress editor\";\n\t\t\t\t\ttranslations['closeLayer'] = \"close layer\";\n\t\t\t\t\ttranslations['cantGenerateLink'] = \"put this string in the existing map short code to control this map\";\n\t\t\t  <\/script>\n\n\n\t\t\t  <script type=\"text\/javascript\">\n\t\t\t  vectorM['map_ol3js_1'] = [];\n\t        \n        var raster = getTileLayer(\"osm\",\"NoKey\");\t\t\t\n\n\t\t\t  var map_ol3js_1 = new ol.Map({\n\t\t\t\tinteractions: ol.interaction.defaults.defaults({mouseWheelZoom:false}),\n\t\t\t\tlayers: [raster],\n\t\t\t\ttarget: \"map_ol3js_1\",\n\t\t\t\tview: new ol.View({\n\t\t\t\t  center: ol.proj.transform([12.8396,50.8779], \"EPSG:4326\", \"EPSG:3857\"),\n\t\t\t\t  zoom: 18\n\t\t\t\t})\n\t\t\t  });\n\t\t\t  osm_addMarkerLayer(map_ol3js_1,12.8394,50.8780,\"https:\/\/siedlerverein-wittgensdorf.de\/wp-content\/plugins\/osm\/icons\/mic_green_hut_02.png\",-16,-41,\"<p><strong>Siedlerheim<\/strong><br\/>Steinbruchsweg 12<br\/>09228 Chemnitz<\/p>\") ; \naddControls2Map(map_ol3js_1,1,0,3,1,5,6,7,0,1);\nosm_addPopupClickhandler(map_ol3js_1,  \"map_ol3js_1\"); \nosm_addMouseHover(map_ol3js_1); <\/script>\n<\/div>\n","protected":false},"excerpt":{"rendered":"<p>Gemeinn\u00fctziger Siedlerverein Wittgensdorf e.V. Steinbruchsweg 12 09228 Wittgensdorf E-Mail: info@siedlerverein-wittgensdorf.de Ansprechpartner Reiko M\u00e4rtel &#8211; Vorsitzender Mirko B\u00fcttner &#8211; Stellv. Vorsitzender Mario H\u00f6llein &#8211; Schatzmeister\/Kassenwart Beate Irmscher &#8211; Schriftf\u00fchrer Jens Schubert -Baubeauftragter Frank Hemmerle &#8211; Eventmanager Udo Irmscher &#8211; Vermietung Karte<\/p>\n","protected":false},"author":2,"featured_media":0,"parent":0,"menu_order":0,"comment_status":"closed","ping_status":"closed","template":"","meta":{"footnotes":""},"class_list":["post-16","page","type-page","status-publish"],"_links":{"self":[{"href":"https:\/\/siedlerverein-wittgensdorf.de\/index.php\/wp-json\/wp\/v2\/pages\/16"}],"collection":[{"href":"https:\/\/siedlerverein-wittgensdorf.de\/index.php\/wp-json\/wp\/v2\/pages"}],"about":[{"href":"https:\/\/siedlerverein-wittgensdorf.de\/index.php\/wp-json\/wp\/v2\/types\/page"}],"author":[{"embeddable":true,"href":"https:\/\/siedlerverein-wittgensdorf.de\/index.php\/wp-json\/wp\/v2\/users\/2"}],"replies":[{"embeddable":true,"href":"https:\/\/siedlerverein-wittgensdorf.de\/index.php\/wp-json\/wp\/v2\/comments?post=16"}],"version-history":[{"count":12,"href":"https:\/\/siedlerverein-wittgensdorf.de\/index.php\/wp-json\/wp\/v2\/pages\/16\/revisions"}],"predecessor-version":[{"id":1335,"href":"https:\/\/siedlerverein-wittgensdorf.de\/index.php\/wp-json\/wp\/v2\/pages\/16\/revisions\/1335"}],"wp:attachment":[{"href":"https:\/\/siedlerverein-wittgensdorf.de\/index.php\/wp-json\/wp\/v2\/media?parent=16"}],"curies":[{"name":"wp","href":"https:\/\/api.w.org\/{rel}","templated":true}]}}